be q/(-8) + (-2)/8. Calculate the highest common divisor of 15 and n.
5
Let g(z) = z**2 + 6*z - 12. Let r be g(6). Calculate the highest common divisor of 15 and r.
15
Let y = 46 + -24. What is the greatest common factor of 242 and y?
22
Let p(n) = n**3 - 14*n**2 - 31*n + 24. Let f be p(16). Calculate the greatest common factor of 40 and f.
40
Let q = 13 - 8. Suppose 0 = -o - 2*c - 3, 4 = -2*o + q*c + 16. Let x be -28*(3/21)/((-2)/4). Calculate the greatest common factor of x and o.
1
Suppose -5*l - 70 = -4*j - 0*l, 0 = -5*j + 4*l + 83. Calculate the greatest common factor of j and 120.
15
Let c = 410 - 266. What is the highest common divisor of c and 32?
16
Suppose x + 2*z - 103 = 0, 3*z - 792 + 270 = -5*x. Let v = -24 + x. What is the highest common divisor of v and 9?
9
Let q be 60/80 - (-522)/8. Calculate the highest common factor of 12 and q.
6
Suppose -5*q = -5*n + 10, -3*q + n - 4 = -0*q. Let v be 22 - (-5 - -2)/q. Calculate the greatest common factor of v and 209.
19
Let g = -31 - -43. Let u be (-1080)/(-5 + 1)*(-10)/(-25). What is the greatest common factor of g and u?
12
Let v(t) = 49*t**2 - t. Let i be v(1). Suppose -3*n = -4*n + 2*x + i, 5*x = 4*n - 180. What is the greatest common factor of 16 and n?
8
Suppose a - 3*s + 13 = 157, -s - 790 = -5*a. Suppose 8*t - 5*t + 15 = 0, 3*p - 3*t = a. Calculate the highest common factor of 6 and p.
6
Let q be ((-2)/6*4)/(10/(-15)). What is the highest common divisor of 2 and q?
2
Suppose -205 = -4*r + 3*h - 55, 0 = -r + 2*h + 40. Suppose -4*g - 77 = 5*s - 527, -90 = -s + 4*g. What is the highest common factor of s and r?
18
Let m be (6/(-5))/(1/(-15)). Suppose 2*w - 8 = -2*w. Suppose -45 = -w*p - 3*p. Calculate the highest common divisor of m and p.
9
Suppose 3*l + 17 = 305. Calculate the highest common factor of 12 and l.
12
Let l = 12 + -20. Let a be (3 + -1)*(-12)/l. Suppose -a*y = -y - 28. Calculate the highest common divisor of y and 2.
2
Suppose 0 = h - 6 + 1. Let x(d) = 7*d + 3. Let l be x(h). What is the highest common divisor of 95 and l?
19
Suppose 4*m - 40 = -5*b, 5*b - m + 0 = 15. Let c(y) = y**2 + 3*y - 6. Let z be c(b). What is the greatest common factor of z and 55?
11
Let x = 47 - -1. Calculate the highest common divisor of x and 24.
24
Let s = 14 - 9. Suppose s*b + 20 = 9*b. What is the greatest common divisor of b and 2?
1
Let j(n) = n**3 - 11*n**2 + 3*n + 27. Let z be j(11). Suppose p - 10 - 3 = 0. Let r = -3 + p. What is the highest common factor of r and z?
10
Let b = -9 - -45. Calculate the highest common divisor of b and 9.
9
Let z(u) = 8*u**2 + 5*u**2 + 1 + 0. Let q be z(1). Let g = -12 + 54. Calculate the greatest common divisor of q and g.
14
Suppose -3*w + 4*j + 43 = 0, -2*w + 23 + 44 = 5*j. Suppose q - 8*q = -w. What is the greatest common divisor of 15 and q?
3
Let m be (-19)/((-4)/(-40) - 0). Let s(c) = c + 4. Let y be s(-5). Let b be (m/6)/(y/3). Calculate the highest common divisor of b and 19.
19
Let u = -325 + 28. Let b be u/6*2/(-1). What is the greatest common factor of b and 11?
11
Let f be (-11)/9 + 10/45. Let b be (4 - f)*3/1. What is the greatest common factor of b and 120?
15
Let f(t) = -17*t**3 - t**2 + 1. Let j be f(1). Let q = j - -32. Let n be (6 + 0)*(-30)/(-18). Calculate the highest common factor of q and n.
5
Let y = 6 + 8. Calculate the greatest common divisor of 112 and y.
14
Suppose 3 + 0 = 3*p. Let l be (1 - 9/6)*4. Let b = 4 + l. What is the greatest common divisor of p and b?
1
Let a be -27*(3 - 40/12). Calculate the highest common factor of 1 and a.
1
Let j = 107 + -72. What is the greatest common factor of 7 and j?
7
Suppose -5*s = -16 + 1. Suppose 0*r + s*r = 0. Suppose r*f + 88 = 2*f. Calculate the highest common factor of f and 11.
11
Let y be (-322)/(-9) + (42/(-27))/(-7). Let i = 2 + -14. Let u be ((-9)/(-2))/((-1)/i). What is the greatest common factor of u and y?
18
Suppose -3 = -p, -2*r + 3*r - 5 = 2*p. What is the greatest common factor of r and 44?
11
Let k = 26 + -14. What is the highest common divisor of 15 and k?
3
Let h be 0/(-3) - (5/(-5) - 18). Calculate the highest common divisor of h and 38.
19
Let u = -38 + 58. Suppose 16 = 4*d - 2*k, -2*d + d + 14 = -3*k. Suppose -p - d*p = -60. Calculate the highest common divisor of u and p.
20
Suppose -12*d + 17*d = 100. Let p be 2/(-7) + 144/14. Calculate the highest common factor of d and p.
10
Let v(g) = -14*g + 3. Let w be v(-3). Let s = 1 - -3. Let o be 1 + -2 + 64/s. Calculate the highest common factor of w and o.
15
Let k be (-8)/12*-6 - -13. Let a be (-2 + 2 - 1) + -2. Let p be 136 + 1 + (a - -2). Calculate the greatest common factor of p and k.
17
Let q = 674 + -1350. Let c be q/(-6) - 6/9. Suppose 0 = -z + 8 + 8. What is the highest common divisor of c and z?
16
Let h(p) = p**2 + p - 9. Let q be h(4). Let d = q + -5. Let i = 1 + 2. Calculate the greatest common divisor of i and d.
3
Let s = 61 - 29. What is the highest common divisor of s and 16?
16
Let j be 26/2*(2 + -1). Let u = 12 - 7. Suppose -5*z + 132 - 857 = -u*s, -2*s = 5*z - 276. What is the highest common factor of j and s?
13
Suppose b - 4*b = -2*j + 12, 4*j = 5*b + 24. Let x(d) = d. Let c be x(j). Calculate the greatest common factor of 12 and c.
6
Let o = 28 + -17. What is the highest common factor of o and 44?
11
Let j(w) = -6*w - 2. Let v be j(-2). Suppose -5*k + 5 = -v. Suppose -k*s + 5*n = -51, -3*n - 30 = -2*s - n. Calculate the highest common divisor of s and 96.
12
Let a(x) = -x**2 + 7*x - 5. Let w be 8/20 - (-28)/5. Let m be a(w). Calculate the highest common divisor of 2 and m.
1
Suppose -3*m + 2 = -10. Suppose -8*v = -4*v + m*l - 16, -16 = -3*v - 2*l. What is the highest common divisor of v and 8?
8
Let h be 9/((1 - 2)/(-11)). Suppose v + 27 = 4*v. What is the highest common divisor of v and h?
9
Suppose -4*m - q + 1 = 0, q + q = -3*m + 7. Let y = -1 - m. Let s be -30*(6/(-15) - y). Calculate the greatest common divisor of 18 and s.
6
Suppose -5*d + 735 = -0*d. Let n = -42 + -8. Let v = -29 - n. Calculate the highest common divisor of v and d.
21
Suppose -3*g + 143 = -2*g. What is the highest common divisor of 13 and g?
13
Suppose -2*b - 52 = -4*b. Let f be (-1)/(-5) + 256/20. Calculate the greatest common factor of b and f.
13
Let z(h) = 2*h - 4. Let m be z(7). What is the greatest common factor of 30 and m?
10
Let y(f) = 80*f**2 - 3*f - 3. Let x be y(-1). Calculate the highest common factor of 16 and x.
16
Let w be -17 + (-1 + 1)*-1. Let s = -12 - w. Calculate the greatest common divisor of s and 40.
5
Let p = -1144 - -1706. Let o be (-6)/21 - p/(-7). What is the highest common divisor of 16 and o?
16
Let a(l) = 0*l + 8 - 3 + l**2 + 4*l. Let k be a(-4). Suppose 4*z - 5*h = 274 + 189, 0 = k*z + h - 586. Calculate the greatest common factor of 13 and z.
13
Let u = -16 - -10. Let z be 4/(-3)*(-3)/2. Let g be (-2 + (-21)/u)*z. What is the highest common factor of g and 12?
3
Suppose 4*i + u = 93, -i + u = 3*u - 32. Let y be 6/(-33) + 334/i. Let j(v) = 4*v + 1. Let x be j(1). Calculate the greatest common factor of x and y.
5
Let k = 7 + 7. Let f(x) = x**3 + 4*x**2 + 3*x + 2. Let r be f(-3). Calculate the highest common factor of k and r.
2
Suppose -4*k - 132 = -5*q + 3*q, 5*k - 59 = -q. What is the greatest common divisor of q and 16?
16
Let b(o) = o**2 + 4*o - 2. Let n be b(-5). Suppose 0 = -n*d + 55 + 2. Calculate the highest common divisor of 57 and d.
19
Let a(c) = c + 1. Let y(f) = -4*f - 1. Let q(d) = -2*a(d) + y(d). Let l be q(-1). What is the highest common divisor of l and 3?
3
Let x be 8 + -12 + (-6)/(-3) + 37. Suppose 4 - 9 = -m. Calculate the greatest common divisor of m and x.
5
Let k be 6 - (-3 - (-8 - -2))*-1. Calculate the greatest common divisor of k and 18.
9
Suppose 0 = -4*x + 20, -5*j + 12 = -4*j + 2*x. Calculate the greatest common factor of j and 3.
1
Let t = -78 + 177. Suppose p - 4*y - 5 = 0, -p - 5*y + 10 = -4. What is the highest common divisor of t and p?
9
Let a(o) = -o + 1. Let b be a(3). Let w be b - (-3 - (-2 - -2)). Let v be 0 + w + (11 - -2). What is the greatest common factor of 7 and v?
7
Let g be 44 + 1 + (-3 - -3). What is the greatest common factor of g and 30?
15
Suppose 6 - 12 = -v. Suppose 2*c - 8 = -2*o, 0 = 4*c - 2*o - v + 2. Calculate the highest common